st common factor of 83 and 2211840772.
83
Calculate the greatest common factor of 2022 and 829569984.
2022
What is the greatest common divisor of 132 and 57984102?
66
What is the greatest common factor of 451629 and 214785?
1161
What is the highest common factor of 700 and 45803700?
100
What is the highest common divisor of 372306565 and 2045?
2045
What is the highest common factor of 161694846 and 3722?
3722
Calculate the highest common divisor of 75614 and 3267.
11
Calculate the greatest common divisor of 2649 and 32285129.
883
Calculate the greatest common divisor of 20239 and 171758.
547
Calculate the greatest common factor of 2113 and 11953241.
2113
What is the greatest common divisor of 174 and 48365214?
174
Calculate the highest common divisor of 15 and 468875445.
15
Calculate the greatest common divisor of 1000019 and 235.
47
What is the highest common factor of 34986 and 1804866?
2058
Calculate the highest common factor of 50 and 546625.
25
Calculate the highest common factor of 17554042 and 242.
22
Calculate the highest common divisor of 26919 and 5839429.
997
What is the greatest common divisor of 1596513 and 24981?
2271
Calculate the highest common factor of 1094271 and 414.
69
What is the highest common divisor of 484358 and 2590?
14
Calculate the highest common factor of 40075 and 202453175.
5725
Calculate the greatest common divisor of 86207 and 70873.
187
What is the greatest common factor of 16575 and 80925?
975
What is the greatest common factor of 86607765 and 9315?
3105
What is the highest common factor of 7990 and 94249241?
799
Calculate the greatest common divisor of 848978 and 130.
26
What is the highest common divisor of 1815 and 18887565?
15
Calculate the highest common divisor of 5004 and 49382252.
556
Calculate the highest common divisor of 1974033775 and 175.
175
Calculate the highest common factor of 331849487 and 53852.
13463
What is the greatest common divisor of 74329 and 239?
239
What is the greatest common factor of 407322612 and 36?
36
What is the highest common divisor of 524 and 36147092?
524
What is the greatest common factor of 82 and 102258059?
41
What is the greatest common factor of 25360227 and 6951?
993
Calculate the highest common factor of 16422376 and 142136.
872
What is the highest common divisor of 1990511 and 773866?
3989
What is the greatest common divisor of 456280 and 5720?
440
Calculate the greatest common divisor of 153152 and 10466982.
4786
Calculate the highest common factor of 31944 and 14696.
88
What is the highest common factor of 1655225 and 195?
65
What is the greatest common divisor of 33525 and 162207?
9
What is the greatest common factor of 36 and 21314532?
12
What is the greatest common divisor of 750 and 197142375?
375
Calculate the highest common divisor of 86330789 and 4223.
4223
What is the greatest common factor of 5 and 154775940?
5
Calculate the greatest common divisor of 4814 and 9758152.
58
What is the greatest common divisor of 413 and 97898346?
413
What is the greatest common divisor of 1061736 and 289504?
664
What is the highest common divisor of 1708075 and 3400?
425
What is the greatest common divisor of 435 and 16571035?
145
What is the highest common factor of 14 and 233104886?
14
What is the highest common divisor of 293049 and 204?
3
What is the highest common divisor of 4719 and 1484821?
13
What is the greatest common divisor of 28143 and 403807?
53
What is the greatest common factor of 23421748 and 21?
7
What is the highest common divisor of 1910 and 15836765?
955
What is the highest common factor of 252 and 429741?
9
Calculate the greatest common divisor of 2520 and 358884.
36
What is the highest common factor of 183353468 and 5288?
2644
Calculate the greatest common divisor of 27004218 and 27645.
291
What is the highest common divisor of 188 and 3116582972?
188
Calculate the greatest common divisor of 3174 and 10949196.
138
What is the highest common divisor of 278456571 and 1197?
171
What is the highest common factor of 143 and 2495933?
11
What is the highest common divisor of 15488 and 908704?
32
What is the highest common factor of 30328940 and 1520?
380
What is the highest common factor of 6260 and 90211295?
1565
What is the greatest common factor of 5139743 and 14?
7
Calculate the highest common divisor of 48687 and 417.
3
What is the highest common factor of 18236 and 2367766?
94
Calculate the greatest common divisor of 221344 and 7264.
32
Calculate the highest common factor of 31175 and 9761.
43
What is the highest common factor of 4959045 and 5341?
49
What is the highest common divisor of 6672154 and 1316624?
2698
Calculate the greatest common factor of 561161535 and 84568.
10571
What is the greatest common divisor of 10710 and 9316510?
1190
What is the greatest common divisor of 22167873 and 7?
7
Calculate the greatest common divisor of 30 and 16313865.
15
Calculate the greatest common divisor of 3381 and 3662799.
147
What is the greatest common divisor of 27579565 and 768105?
6565
Calculate the highest common factor of 43388518 and 81514.
1538
Calculate the greatest common factor of 5052 and 791671134.
2526
What is the highest common factor of 219 and 2240078?
73
Calculate the greatest common factor of 759573 and 243.
9
Calculate the greatest common divisor of 177988 and 368.
4
Calculate the highest common divisor of 158 and 40791018.
158
What is the greatest common factor of 40735 and 2370?
5
What is the highest common factor of 21952730 and 20?
10
Calculate the greatest common factor of 109915 and 475.
95
Calculate the greatest common divisor of 2224648 and 17840.
1784
What is the highest common divisor of 2855 and 374755?
5
Calculate the highest common factor of 134332 and 59427.
71
What is the highest common factor of 9 and 228452418?
9
Calculate the highest common divisor of 3477 and 24203397.
3477
Calculate the highest common factor of 78421040 and 1322.
1322
What is the highest common divisor of 124042280 and 3480?
1160
What is the greatest common divisor of 17318767 and 418217?
5729
Calculate the greatest common factor of 204251868 and 36.
36
Calculate the greatest common factor of 715 and 1052116.
13
Calculate the greatest common divisor of 230569875 and 750.
375
Calculate the greatest common factor of 8 and 195192.
8
What is the greatest common divisor of 240170418 and 298?
298
Calculate the highest common factor of 386 and 254.
2
Calculate the greatest common factor of 2576076130 and 7130.
7130
What is the highest common factor of 54826941 and 663?
39
Calculate the greatest common factor of 17920 and 315.
35
Calculate the highest common divisor of 77096 and 863512.
184
What is the highest common factor of 118 and 23840071?
59
Calculate the greatest common factor of 74410 and 181280.
10
What is the greatest common factor of 162 and 1864377?
81
What is the highest common factor of 16 and 258522648?
8
What is the greatest common factor of 44815 and 1805?
5
What is the greatest common divisor of 302336706 and 1722?
1722
Calculate the highest common divisor of 78 and 78051909.
39
What is the highest common divisor of 1673 and 334394221?
1673
Calculate the greatest common factor of 3048 and 21212556.
1524
Calculate the highest common divisor of 30694 and 92700.
206
Calculate the greatest common factor of 8288 and 3941536.
1184
What is the greatest common factor of 24564475 and 325?
325
Calculate the greatest common divisor of 902340 and 264060.
1620
Calculate the highest common factor of 1754578 and 20286.
322
What is the greatest common factor of 146644 and 5058016?
2404
What is the highest common divisor of 156 and 14726036?
52
Calculate the greatest common divisor of 111064 and 21848.
8
Calculate the greatest common factor of 959520 and 1080.
120
Calculate the highest common factor of 10715877 and 116.
29
Calculate the highest common factor of 624 and 440818456.
104
Calculate the greatest common divisor of 1886 and 65555474.
1886
What is the greatest common divisor of 385 and 1954295?
35
What is the greatest common factor of 381920 and 19282?
62
What is the highest common divisor of 894 and 27634583?
149
Calculate the greatest common factor of 648231860 and 925.
185
Calculate the greatest common factor of 4479 and 55203.
3
Calculate t